. Let a(y) = -5*y**2 + 7*y. Let f(o) = -o**2 + o. Let z(g) = b*f(g) - a(g). Calculate z(s).
-2
Let r(c) = -c**3 + 6*c**2 + 6*c + 7. Suppose -h + 7 + 0 = 4*b, -3*h + b = -21. What is r(h)?
0
Let l(u) = -7 + 7*u + 22*u - 28*u. Give l(-7).
-14
Let o(k) be the second derivative of -k**4/12 - k**3/2 - 3*k**2/2 + 3*k - 2. Let m be 4/(-2)*1/1. Calculate o(m).
-1
Let r(v) = -5*v**2 - 6*v + 3. Let f(a) = 14*a**2 + 17*a - 8. Let o(w) = -4*f(w) - 11*r(w). What is o(-4)?
-9
Let d(q) = 0*q - 6*q**3 + q + 7*q**2 + 5*q**3 + 4 + 2*q**3. Let b be d(-7). Let u(i) = i**3 + 2*i**2 - i + 4. Calculate u(b).
-2
Let y(r) be the first derivative of r**3/3 - r - 1. Let z be y(-2). Let h be 1/(-1)*(0 - z). Let k(j) = -2*j - 3. Calculate k(h).
-9
Let g be (3/9)/((-5)/(-90)). Let x(l) = l - 8. Calculate x(g).
-2
Suppose -9*r + 20 = -5*r. Let v(a) = a**2 - 7*a + 4. Give v(r).
-6
Let y = -7 - -12. Let k be ((-7)/(-3))/((-1)/3). Let b(i) = 9*i**2 - 15*i + 7. Let f(g) = 4*g**2 - 7*g + 3. Let d(p) = k*f(p) + 3*b(p). Calculate d(y).
-5
Suppose -2*i = -12*i + 10. Suppose -4*t - t = -5. Let w(s) = -2 + 2*s + 0 + t. Determine w(i).
1
Suppose 18 - 2 = 4*f. Let q be (4/2)/((-2)/9). Let z = f + q. Let u(a) = -a**2 - 3*a + 5. What is u(z)?
-5
Let y(z) = 0 + 0 - 8*z + 6*z + 1. Give y(-3).
7
Let q = 205 - 201. Let m(a) = a - 1. Let f(w) = -4. Let u(i) = -f(i) - m(i). Determine u(q).
1
Let t(w) be the second derivative of w**4/12 + 5*w**3/6 + 3*w**2 + 3*w. What is t(-4)?
2
Suppose -2*y + 12 = -0*y. Suppose 0 = -4*d + y*d + 5*x, 0 = d - x - 7. Let z = 7 - d. Let k(l) = 2*l**2 - 2*l - 1. Determine k(z).
3
Suppose 3*n + 7 = -8. Let b(x) be the third derivative of 1/24*x**4 + 0 + 0*x + 1/6*x**3 + 2*x**2. Determine b(n).
-4
Let y(h) be the second derivative of -2*h + 3/2*h**2 - 5/6*h**3 + 1/12*h**4 + 0. Determine y(3).
-3
Let p(c) = -c + 5. Suppose -5*k + 4 = 4*h - k, -3*h - 2 = -2*k. Give p(h).
5
Let i = -103 - -98. Let l(b) be the second derivative of -b**4/12 - 5*b**3/6 - 7*b**2/2 - b. What is l(i)?
-7
Suppose -2*d - 4*u = 6, -7*d + 4*u - 12 = -3*d. Let l(j) be the second derivative of j**3/3 + 3*j**2/2 - 2*j. Calculate l(d).
-3
Let z(v) = 4*v**3 + 15*v**2 - 7*v + 10. Suppose 2 = 3*y - 2*y. Let i(p) = -p**3 - 5*p**2 + 2*p - 3. Let x(q) = y*z(q) + 7*i(q). Calculate x(5).
-1
Let q(s) = -s + 12. Let i be q(10). Let t be i*1 + 3 + -2. Let m(f) = 2*f**2 - 3*f - 1. Calculate m(t).
8
Let t(y) be the first derivative of y**2/2 + 4*y - 2. What is t(0)?
4
Let x(s) = 2 + s - 3 - 4*s**2 + 3*s**2. Let v be ((-2)/(-14))/(-2*2/(-28)). Calculate x(v).
-1
Let l = 5 + -1. Suppose j = 0, 3*q = 5*q + l*j + 2. Let o(n) = -2*n**3 - n. Give o(q).
3
Let k = 2 - 1. Let w(l) = l**2 + l + 1. Let c(u) = -2*u**3 + 2*u**2 + 2*u + 3. Let b(o) = c(o) - 2*w(o). Calculate b(k).
-1
Let h(p) be the first derivative of p**4/6 + p**3/2 - 3*p**2/2 + 2*p - 1. Let c(f) be the first derivative of h(f). Give c(-3).
6
Let w(s) = s**3 + s**2 + s. Let a = -3 - -3. Let d be w(a). Let h(x) = -2 + d - x + 4*x. Determine h(2).
4
Let u(c) = c**2 + 2*c + 1. Suppose 2*v + q - 4 = 4*v, 4*q = -8. Determine u(v).
4
Let c = -8 - -4. Let o(n) be the first derivative of n**6/360 + n**5/24 + n**4/24 + 2*n**3/3 + 1. Let l(h) be the third derivative of o(h). Calculate l(c).
-3
Suppose -a = 3 - 5. Suppose -2*w - a*w = 20. Let n(k) = k - 7. Let r(y) = -5*y + 29. Let s(j) = 9*n(j) + 2*r(j). Give s(w).
0
Suppose -f + c = -c - 9, 3*f = 4*c + 37. Suppose 3*i - f + 4 = 0. Let w(k) = 2*k - 8*k**3 + 8 + 4*k**2 + 7*k**3 - 1. Determine w(i).
-8
Let u be 6 + (0/4)/(-3). Let a(f) = -f**3 + 6*f**2 - f + 2. Calculate a(u).
-4
Let d(s) = 4*s**3 + 3*s**2 - 6*s. Let k(w) = -5*w**3 - 4*w**2 + 7*w. Let h(l) = 6*d(l) + 5*k(l). Calculate h(-1).
0
Let z(h) = -h + 5. Let u(p) = -p**2 - 2*p + 3. Let k(f) = f - 1. Let i(y) = -y. Let t(d) = -i(d) + k(d). Let g be t(-1). Let a be u(g). What is z(a)?
5
Suppose 4*i - 11 = 9, 5*i - 29 = -2*z. Let g(f) = 3 + 3*f**3 + f**2 - z*f**2 + 2*f + f**3 - 5*f**3. Give g(-2).
3
Let g be (-33)/(-9) - 8/12. Let l(d) = -d**g + 2*d**3 + 12*d**2 - 8*d**2 - 3*d + 0*d. Determine l(-5).
-10
Let v(w) = 6*w**3 - w**2 + 4*w + 10. Let q(z) = -z**3 + z**2 - z - 1. Let o(c) = 5*q(c) + v(c). Let y(x) = -x**3 - 7*x**2 + 2*x + 10. Let s be y(-7). Give o(s).
9
Let g(n) = n**2 + n - 2. Suppose -5*i - 25 = 2*c, -2*i + i = 5. Suppose -2*t + c = -4. Calculate g(t).
4
Let u(q) = q + 11. Let h be u(-7). Suppose 4*v - 31 + 3 = 5*o, o = -h. Let p(f) = 2*f + f**2 - 3*f + v*f. Determine p(-2).
2
Let h(c) be the third derivative of c**6/120 + c**5/10 - c**4/12 - c**3/3 - 2*c**2. Calculate h(-6).
10
Let r = -32 + 17. Let x be 58/6 + (-5)/r. Let l be (0 + (-2)/(-4))*x. Let z(p) = p**3 - 6*p**2 + 3*p + 4. Determine z(l).
-6
Let f(p) = 2*p + 2 - 3 - 3*p. Let s(r) = -r - 2. Let d be s(-5). Suppose -d*m + 3 = 9. Give f(m).
1
Let h(o) = 2*o**2 + 143*o**3 - 3*o**2 - 147*o**3. Give h(2).
-36
Let z(y) = 4*y**3 - 2*y**2 + 2*y - 1. Let f(n) be the second derivative of n**5/4 - n**4/6 + n**3/3 - n**2/2 + 2*n. Let q(t) = 3*f(t) - 2*z(t). Give q(1).
6
Let k(g) = 4*g**2 + g - 2. Let n(b) = -2*b**3 - 5*b**2 - b + 4. Let y be n(-3). Suppose 3*i = 2*t + 2 - y, -i = -t + 6. Determine k(i).
12
Let f(l) be the second derivative of -l**3/6 - l**2/2 - l. Let m(j) = -j**3 + 5*j**2 - 6*j. Let r be m(4). Let s = r - -12. What is f(s)?
-5
Let p(b) be the third derivative of 3*b**2 + 0*b**4 + 1/2*b**3 - 1/60*b**5 + 0 + 0*b. What is p(-3)?
-6
Let q(x) = -x + 2. Let z = -3 - -9. Let y = 13 - z. Suppose 0 = -4*m + 5 + y. Calculate q(m).
-1
Let o(j) = 2*j + 4. Let x(c) = c**3 + 6*c**2 + 4*c - 1. Let s be x(-5). Suppose 3*k - 7 = h, 0 = 2*h - 0*k + s*k + 4. Give o(h).
-4
Let h(g) = -g - 7. Suppose 0*d + 216 = -3*d. Let k be 2/10 - d/15. Suppose 0 = -2*o - k*j + 14, 5*o = -2*j - 4 - 3. Determine h(o).
-4
Suppose -4*i - i = -15. Let l(n) = -n**3 + 5*n**2 - 2. Give l(i).
16
Let c(g) = -g - 8. Let p = -5 + 10. Suppose 4*l + 31 = 5*z, l - 23 = 3*l - p*z. Give c(l).
-4
Let m be (-169)/39 + 4/(-6). Let c(w) = w + 3. What is c(m)?
-2
Suppose 4*g + 2*u + 12 = 0, 0*u = -3*g - u - 7. Let a(l) = -4*l**2 + 1. Determine a(g).
-3
Let c(d) = -2*d**3 + 2*d**2 - 2. Let u(q) = q**2 - 5*q - 3. Let z be u(6). Suppose 4*g - 28 = 4*r, -z*g + 20 = 2*g - 2*r. Calculate c(g).
-10
Suppose -2*a - 2 = -4*a + 4*d, -5*a = 5*d - 35. Let n(f) = -a*f - f**2 + 4*f - 3*f**3 - 2 + 2*f**3 + 2*f**2. Let s be -1*(4/(-2) + 2). What is n(s)?
-2
Let q(p) = p**3 + 10*p**2 + 9*p + 6. Let g be q(-9). Let w(n) = n**2 - 6*n + 2. Let h be w(g). Let s(l) = 0*l + 3*l - 3 + 0*l. What is s(h)?
3
Let x(g) = g**3 + 3*g**2 + 3*g + 3. Suppose -h - h = -2*k - 10, -2*h + 1 = k. Suppose -2*s = h*a - 8, 2*a = -3*s - 0 + 8. Suppose 11 + 1 = -a*o. What is x(o)?
-6
Let c(x) = 3*x**2 - 3*x + 0*x - 2*x + x**3 - 1. Let d(q) = -q - 10. Let l be d(-6). Give c(l).
3
Let s(i) be the second derivative of 0 - 1/2*i**2 - 2*i - 1/12*i**4 + 1/2*i**3. Let g(h) be the first derivative of s(h). What is g(2)?
-1
Let c(v) = v**2 + 4*v - 5. Suppose -24*s + 60 = -34*s. Determine c(s).
7
Let o(r) be the third derivative of -r**6/120 - 5*r**3/6 + 2*r**2. Let q be ((-4)/3)/(6/(-9)). Let u be 1/q + 2/(-4). What is o(u)?
-5
Let f(w) = -w - 6. Let r(y) = y + 6. Let a(u) = 6*f(u) + 7*r(u). Determine a(-5).
1
Let x(s) = -2*s + 6. Let t be (-4 - -4) + -2 + 4 + 4. Calculate x(t).
-6
Let a(t) = -t**2 - 2*t + 5*t + t**3 - t - t - 2. Determine a(0).
-2
Let v(a) = 2*a - 6. Let j be v(7). Let u = 8 - j. Let i(w) = -w + 2 + 5*w + w**3 - 3*w. Give i(u).
2
Suppose 2*g + 0*k = -4*k, 10 = 4*g + 3*k. Let w(o) = o + 0 + 3 + 0. What is w(g)?
7
Let y(j) = -3*j**3 + 9*j**2 - 6*j + 8. Let f(b) = -10*b**3 + 28*b**2 - 18*b + 25. Let t(h) = -2*f(h) + 7*y(h). Determine t(6).
6
Let g = 4 + -7. Let h(q) be the second derivative of -q**5/20 - q**4/3 + 84*q + 1. Give h(g).
-9
Let s(p) = -8*p + 11. Let q(g) = -4*g + 6. Let i(x) = -5*q(x) + 3*s(x). Suppose -c - c = -12. Let f be (c/(-4))/((-6)/8). What is i(f)?
-5
Let i(r) be the third derivative of -r**9/60480 - r**8/4032 + r**7/840 + r**6/120 - 2*r**5/15 - r**2. Let f(d) be the third derivative of i(d). Calculate f(-6).
6
Let g be (-1 + 1)/(4 - 2). Let m(a) = 3*a - 2*a - a**3 - 1 - 2*a. What is m(g)?
-1
Let c(f) be the second derivative of -f**4/12 + f**3/6 + f**2